{"id":17223,"date":"2026-04-27T14:41:06","date_gmt":"2026-04-27T11:41:06","guid":{"rendered":"https:\/\/www.wagenkull.ee\/events\/14-05-lillemulli-tootuba\/"},"modified":"2026-04-27T14:48:25","modified_gmt":"2026-04-27T11:48:25","slug":"14-05-lillemulli-tootuba","status":"publish","type":"events","link":"https:\/\/www.wagenkull.ee\/lv\/pasakumi\/14-05-lillemulli-tootuba\/","title":{"rendered":"14.05 Ziedu &amp; Burbu\u013cu darbn\u012bca Wagenk\u00fcll"},"content":{"rendered":"\n<p class=\"wp-el\"><strong>2026. gada 14. maijs<\/strong><br><strong>18.00\u201321.00<\/strong><br><strong>Wagenk\u00fcll krist\u0101la z\u0101l\u0113<\/strong><\/p>\n\n\n\n<p class=\"wp-el\">Aicin\u0101m j\u016bs piedal\u012bties ekskluz\u012bv\u0101 <strong>\u201cZiedu un burbu\u013cu darbn\u012bc\u0101\u201d<\/strong> Wagenk\u00fcll krist\u0101la z\u0101l\u0113 \u2013 pieredz\u0113, kas apvieno rado\u0161umu, eleganci un pat\u012bkamu kop\u0101 b\u016b\u0161anu.<\/p>\n\n\n\n<p class=\"wp-el\">Profesion\u0101la vad\u012bt\u0101ja vad\u012bb\u0101 taps skaists ziedu dekors, vienlaikus baudot dzirksto\u0161u dz\u0113rienu, vieglas uzkodas un burv\u012bgus skatus uz Taageperas pili.<\/p>\n\n\n\n<p class=\"wp-el\">Darbn\u012bca ir iedvesmojo\u0161a un piem\u0113rota ikvienam.<\/p>\n\n\n\n<p class=\"wp-el\">Palutiniet sevi vai savus m\u012b\u013cos ar pieredzi, kas paliks atmi\u0146\u0101 \u2013 gan sird\u012b, gan fotogr\u0101fij\u0101s.<\/p>\n\n\n\n<p class=\"wp-el\"><strong>Cena:<\/strong> 29 \u20ac \/ personai<\/p>\n\n\n\n<div class=\"wp-block-buttons is-layout-flex wp-block-buttons-is-layout-flex\">\n<div class=\"wp-block-button\"><a class=\"wp-block-button__link wp-element-button\" href=\"https:\/\/www.piletilevi.ee\/piletid\/4LDB2ZKLOO\/lille-mulli-tootuba-wagenkullis\" target=\"_blank\" rel=\"noopener\">Ieg\u0101d\u0101ties bi\u013ceti<\/a><\/div>\n<\/div>\n\n\n\n<p class=\"wp-el\">Cen\u0101 iek\u013cauti materi\u0101li, instrukt\u0101\u017ea un nepiecie\u0161amie pal\u012bgmateri\u0101li. Iesak\u0101m \u0146emt l\u012bdzi savu trauku ziedu kompoz\u012bcijai.<\/p>\n\n\n\n<p class=\"wp-el\">Tiekamies Wagenk\u00fcll!<\/p>\n","protected":false},"excerpt":{"rendered":"<p>2026. gada 14. maijs18.00\u201321.00Wagenk\u00fcll krist\u0101la z\u0101l\u0113 Aicin\u0101m j\u016bs piedal\u012bties ekskluz\u012bv\u0101 \u201cZiedu un burbu\u013cu darbn\u012bc\u0101\u201d Wagenk\u00fcll krist\u0101la z\u0101l\u0113 \u2013 pieredz\u0113, kas&#8230;<\/p>\n","protected":false},"featured_media":17219,"template":"","class_list":["post-17223","events","type-events","status-publish","has-post-thumbnail","hentry"],"acf":[],"_links":{"self":[{"href":"https:\/\/www.wagenkull.ee\/lv\/wp-json\/wp\/v2\/events\/17223","targetHints":{"allow":["GET"]}}],"collection":[{"href":"https:\/\/www.wagenkull.ee\/lv\/wp-json\/wp\/v2\/events"}],"about":[{"href":"https:\/\/www.wagenkull.ee\/lv\/wp-json\/wp\/v2\/types\/events"}],"version-history":[{"count":2,"href":"https:\/\/www.wagenkull.ee\/lv\/wp-json\/wp\/v2\/events\/17223\/revisions"}],"predecessor-version":[{"id":17234,"href":"https:\/\/www.wagenkull.ee\/lv\/wp-json\/wp\/v2\/events\/17223\/revisions\/17234"}],"wp:featuredmedia":[{"embeddable":true,"href":"https:\/\/www.wagenkull.ee\/lv\/wp-json\/wp\/v2\/media\/17219"}],"wp:attachment":[{"href":"https:\/\/www.wagenkull.ee\/lv\/wp-json\/wp\/v2\/media?parent=17223"}],"curies":[{"name":"wp","href":"https:\/\/api.w.org\/{rel}","templated":true}]}}

14.05 Ziedu &amp; Burbuļu darbnīca Wagenküll

<p class="wp-el"><strong>2026. gada 14. maijs</strong><br><strong>18.00–21.00</strong><br><strong>Wagenküll kristāla zālē</strong></p>



<p class="wp-el">Aicinām jūs piedalīties ekskluzīvā <strong>“Ziedu un burbuļu darbnīcā”</strong> Wagenküll kristāla zālē – pieredzē, kas apvieno radošumu, eleganci un patīkamu kopā būšanu.</p>



<p class="wp-el">Profesionāla vadītāja vadībā taps skaists ziedu dekors, vienlaikus baudot dzirkstošu dzērienu, vieglas uzkodas un burvīgus skatus uz Taageperas pili.</p>



<p class="wp-el">Darbnīca ir iedvesmojoša un piemērota ikvienam.</p>



<p class="wp-el">Palutiniet sevi vai savus mīļos ar pieredzi, kas paliks atmiņā – gan sirdī, gan fotogrāfijās.</p>



<p class="wp-el"><strong>Cena:</strong> 29 € / personai</p>



<div class="wp-block-buttons is-layout-flex wp-block-buttons-is-layout-flex">
<div class="wp-block-button"><a class="wp-block-button__link wp-element-button" href="https://www.piletilevi.ee/piletid/4LDB2ZKLOO/lille-mulli-tootuba-wagenkullis" target="_blank" rel="noopener">Iegādāties biļeti</a></div>
</div>



<p class="wp-el">Cenā iekļauti materiāli, instruktāža un nepieciešamie palīgmateriāli. Iesakām ņemt līdzi savu trauku ziedu kompozīcijai.</p>



<p class="wp-el">Tiekamies Wagenküll!</p>

<p>2026. gada 14. maijs18.00–21.00Wagenküll kristāla zālē Aicinām jūs piedalīties ekskluzīvā “Ziedu un burbuļu darbnīcā” Wagenküll kristāla zālē – pieredzē, kas&#8230;</p>
